 the thousands digit of 4092467?
2
What is the tens digit of 204846?
4
What is the ten thousands digit of 2306411?
0
What is the units digit of 4588770?
0
What is the tens digit of 243455?
5
What is the ten thousands digit of 1703297?
0
What is the hundreds digit of 345528?
5
What is the tens digit of 1953043?
4
What is the hundred thousands digit of 10829451?
8
What is the tens digit of 12831409?
0
What is the thousands digit of 293057?
3
What is the tens digit of 47909?
0
What is the ten thousands digit of 2759767?
5
What is the units digit of 3570381?
1
What is the hundred thousands digit of 7142737?
1
What is the millions digit of 8266292?
8
What is the units digit of 6213308?
8
What is the tens digit of 640327?
2
What is the thousands digit of 10690449?
0
What is the millions digit of 2630057?
2
What is the units digit of 4952959?
9
What is the thousands digit of 8505900?
5
What is the thousands digit of 1083800?
3
What is the ten thousands digit of 856287?
5
What is the ten thousands digit of 206696?
0
What is the tens digit of 796796?
9
What is the thousands digit of 988507?
8
What is the thousands digit of 311379?
1
What is the tens digit of 9555233?
3
What is the ten thousands digit of 12225456?
2
What is the thousands digit of 1123332?
3
What is the tens digit of 236352?
5
What is the thousands digit of 173852?
3
What is the thousands digit of 30634473?
4
What is the hundred thousands digit of 195767?
1
What is the hundred thousands digit of 1820476?
8
What is the units digit of 760711?
1
What is the hundreds digit of 6124541?
5
What is the hundreds digit of 335238?
2
What is the tens digit of 932462?
6
What is the tens digit of 789207?
0
What is the hundred thousands digit of 3391641?
3
What is the tens digit of 561623?
2
What is the tens digit of 11162?
6
What is the tens digit of 1039742?
4
What is the units digit of 953673?
3
What is the tens digit of 214081?
8
What is the hundred thousands digit of 138319?
1
What is the ten thousands digit of 8267924?
6
What is the units digit of 58888?
8
What is the ten thousands digit of 230007?
3
What is the thousands digit of 2358370?
8
What is the hundreds digit of 338344?
3
What is the thousands digit of 14560944?
0
What is the hundreds digit of 553463?
4
What is the hundreds digit of 14659784?
7
What is the tens digit of 17682241?
4
What is the hundred thousands digit of 1558109?
5
What is the millions digit of 1057166?
1
What is the units digit of 184885?
5
What is the millions digit of 2168108?
2
What is the millions digit of 1815725?
1
What is the ten thousands digit of 7599023?
9
What is the tens digit of 243247?
4
What is the hundred thousands digit of 9171429?
1
What is the millions digit of 7247049?
7
What is the millions digit of 3207000?
3
What is the units digit of 20697938?
8
What is the ten thousands digit of 59820?
5
What is the millions digit of 5957181?
5
What is the hundred thousands digit of 811033?
8
What is the tens digit of 543339?
3
What is the ten thousands digit of 445566?
4
What is the hundred thousands digit of 328308?
3
What is the hundred thousands digit of 588859?
5
What is the ten thousands digit of 36229139?
2
What is the ten millions digit of 27266551?
2
What is the millions digit of 25582519?
5
What is the ten thousands digit of 3164100?
6
What is the hundred thousands digit of 1273823?
2
What is the units digit of 321583?
3
What is the hundred thousands digit of 14219012?
2
What is the ten thousands digit of 1384218?
8
What is the ten thousands digit of 334167?
3
What is the ten thousands digit of 1457172?
5
What is the hundred thousands digit of 124931?
1
What is the ten thousands digit of 920933?
2
What is the ten thousands digit of 1302656?
0
What is the ten millions digit of 34553973?
3
What is the thousands digit of 17511666?
1
What is the ten thousands digit of 612263?
1
What is the units digit of 13362694?
4
What is the tens digit of 927330?
3
What is the hundred thousands digit of 8715952?
7
What is the thousands digit of 3552791?
2
What is the hundreds digit of 220651?
6
What is the units digit of 626718?
8
What is the hundred thousands digit of 1383587?
3
What is the hundred thousands digit of 246845?
2
What is the thousands digit of 8216586?
6
What is the hundred thousands digit of 131798?
1
What is the ten millions digit of 35487080?
3
What is the millions digit of 2619485?
2
What is the tens digit of 6970204?
0
What is the millions digit of 1029857?
1
What is the hundreds digit of 645343?
3
What is the ten thousands digit of 10649253?
4
What is the ten thousands digit of 699741?
9
What is the ten millions digit of 11302484?
1
What is the hundreds digit of 325127?
1
What is the ten millions digit of 17329726?
1
What is the thousands digit of 599865?
9
What is the hundreds digit of 331527?
5
What is the ten thousands digit of 74713?
7
What is the units digit of 316771?
1
What is the tens digit of 86909?
0
What is the ten thousands digit of 9905762?
0
What is the tens digit of 3405?
0
What is the hundred thousands digit of 27185733?
1
What is the ten thousands digit of 12253445?
5
What is the hundreds digit of 18498827?
8
What is the hundred thousands digit of 1804371?
8
What is the tens digit of 3214864?
6
What is the ten thousands digit of 2034861?
3
What is the tens digit of 3051333?
3
What is the units digit of 1042721?
1
What is the hundreds digit of 655799?
7
What is the ten thousands digit of 1156214?
5
What is the thousands digit of 507074?
7
What is the hundreds digit of 157768?
7
What is the tens digit of 90718?
1
What is the hundreds digit of 124602?
6
What is the hundreds digit of 441097?
0
What is the units digit of 5044167?
7
What is the tens digit of 1690282?
8
What is the hundred thousands digit of 539873?
5
What is the hundred thousands digit of 480886?
4
What is the thousands digit of 1091666?
1
What is the ten thousands digit of 1759762?
5
What is the hundreds digit of 2904439?
4
What is the units digit of 403568?
8
What is the units digit of 269542?
2
What is the hundreds digit of 91372?
3
What is the hundreds digit of 4230888?
8
What is the hundreds digit of 491935?
9
What is the hundreds digit of 261503?
5
What is the units digit of 12343248?
8
What is the ten millions digit of 18013659?
1
What is the thousands digit of 280778?
0
What is the thousands digit of 815556?
5
What is the millions digit of 1665593?
1
What is the thousands digit of 20498627?
8
What is the hundreds digit of 3261130?
1
What is the ten thousands digit of 11388287?
8
What is the ten thousands digit of 2503545?
0
What is the ten thousands digit of 8285986?
8
What is the tens digit of 563544?
4
What is the thousands digit of 423643?
3
What is the hundreds digit of 32038?
0
What is the hundred thousands digit of 9970881?
9
What is the thousands digit of 7334099?
4
What is the tens digit of 67839?
3
What is the ten thousands digit of 1249473?
4
What is the thousands digit of 353820?
3
What is the hundreds digit of 374592?
5
What is the units digit of 175787?
7
What is the hundreds digit of 3221?
2
What is the units digit of 4584?
4
What is the thousands digit of 552339?
2
What is the tens digit of 169406?
0
What is the hundred thousands digit of 32076065?
0
What is the thousands digit of 1364433?
4
What is the thousands digit of 2794830?
4
What is the hundreds digit of 128102?
1
What is the millions digit of 4455761?
4
What is the ten thousands digit of 1790696?
9
What is the units digit of 2404567?
7
What is the ten thousands digit of 73169?
7
What is the hundred thousands digit of 247735?
2
What is the hundreds digit of 91106?
1
What is the hundreds digit of 4810996?
9
What is the hundred thousands digit of 16358523?
3
What is the ten thousands digit of 17205?
1
What is the tens digit of 7750163?
6
What is the hundreds digit of 4960530?
5
What is the hundreds digit of 21711?
7
What is the hundreds digit of 277014?
0
What is the units digit of 4668683?
3
What is the hundred thousands digit of 2553613?
5
What is the tens digit of 131965?
6
What is the thousands digit of 12087371?
7
What is the tens digit of 1310618?
1
What is the millions digit of 3768532?
3
What is the millions digit of 5960047?
5
What is the hundreds digit of 6391?
3
What is the tens